Calculate the remainder when n(v) is divided by 26.
18
Let d = -9 + 4. Let l be 896/40 - 3/d. Let i = 45 - l. Calculate the remainder when 63 is divided by i.
19
Suppose a = 11 - 2. Let c = -1423 + 1491. What is the remainder when c is divided by a?
5
Let q be 0/(-8*4/(-16)). Suppose q = 44*t - 56*t + 588. Calculate the remainder when t is divided by (-4)/6 + (-82)/(-6).
10
Suppose -2*t = -4*x - 462, x - 4*x + 469 = 2*t. Let z = -55 + 81. What is the remainder when t is divided by z?
25
Let b(h) = 108*h**3 - h**2 + h. Let r = 109 - 78. Let s = 32 - r. Calculate the remainder when b(s) is divided by 22.
20
Suppose -3*h + 4*g + 56 = 0, 0*g - 116 = -5*h + g. Suppose 59*v - 135 = -2*u + 54*v, v = -1. What is the remainder when u is divided by h?
22
Let r(w) = 3 - 166*w + 165*w + 21. What is the remainder when (50/8)/(3/60) is divided by r(-8)?
29
Let u(p) = 549*p + 1771. Calculate the remainder when u(-3) is divided by 66.
58
Suppose d = -4*t + 77, 2*d - 3 = -2*t + 31. What is the remainder when 311 is divided by t?
11
Let d = 290 - 406. Let t = -59 - d. Calculate the remainder when t is divided by 4.
1
Suppose 0 = -5*s - 2*f + 1002, -313 - 75 = -2*s - 4*f. Suppose s = -115*m + 117*m. What is the remainder when m is divided by 5?
1
Let w = 0 + 2. Suppose -i - q = -5 - 11, q - 34 = -w*i. Let x(n) = -2*n**2 + 280*n - 9605. Calculate the remainder when x(78) is divided by i.
13
Let t = -5610 - -7071. Calculate the remainder when t is divided by 17.
16
Suppose -176*i + 38*i = -276*i + 158838. What is the remainder when i is divided by 32?
31
Let t(k) = -111*k**3 - 3*k**2 + 4*k. Let d be t(2). Let c = d + 953. Let j(w) = -w**3 - 3*w - 4. Calculate the remainder when c is divided by j(-3).
29
Calculate the remainder when (-3222)/(-30)*(-5)/(1 + -2) is divided by 31.
10
Let p = -285 - -482. Suppose -5*a - 4 = -2*s, -4*s = 4*a - 11 + 3. What is the remainder when p is divided by 15/s*40/6?
47
Let w = 57 + 7. Suppose 278 = -4*y + 3*f, 136 = -2*y + 2*f + f. Let o = 82 + y. What is the remainder when w is divided by o?
9
Suppose 4*d + 2246 = 4*x - x, 5*d + 2994 = 4*x. What is the remainder when (-2)/(8 - 5972/x) is divided by 34?
33
Suppose 0 = 13*m + 13*m - 75478. What is the remainder when m is divided by 44?
43
Suppose -2*w = 2*p - 540 + 106, 3*w + 429 = 2*p. What is the remainder when p is divided by 91?
34
Let n(y) = -113*y + 11362. What is the remainder when 293 is divided by n(98)?
5
Suppose 4*j - 460 = 784. Suppose -3*s - 18*s = -252. What is the remainder when j is divided by s?
11
Suppose -2*k = 5*h - 4*h - 29, 0 = -4*k + 20. Calculate the remainder when (-5425)/(-62) + 4/((-8)/(-3)) is divided by h.
13
Suppose -5*t + 28 = c, -32*c + 5*t - 82 = -36*c. What is the remainder when 312 is divided by c - -15*21/(-35)?
6
Let m(b) = -5*b**2 - 30*b + 9. Let z be m(-7). Let r = -89 + 272. Calculate the remainder when r is divided by (-130)/z*111/15.
35
Let l(m) = m**3 - 16*m**2 - 4*m + 63. Let y be l(16). Calculate the remainder when (3 + (y - -2))/((-2)/(-50)) is divided by 29.
13
Let n be (-30702)/(-112) - (-3)/(-24). Suppose 0 = 5*x - 791 - n. What is the remainder when x is divided by 27?
24
Suppose 2*n - 5*z + 30 = 4*n, 3*z - 27 = -3*n. Suppose n*j - 372 = 3*a, 2*a + 4 = -4. Let k = 3 + 12. What is the remainder when j is divided by k?
12
Suppose -312 = -24*x + 21*x. Suppose 4*b - 508 - x = 0. Calculate the remainder when b is divided by 9/(-15) + (-136)/(-10).
10
Suppose 553 - 313 = 10*p. Calculate the remainder when 45 is divided by p.
21
Let n(i) = -101*i - 898. Calculate the remainder when n(-13) is divided by 73.
50
Let l(t) = -t**3 + 11*t**2 - t + 18. Suppose -135 - 85 = -22*x. What is the remainder when l(x) is divided by 4?
0
Suppose -2*l + 28 + 706 = 4*h, -5*l = h - 1826. What is the remainder when l is divided by 27?
14
Suppose 25*a - 27*a - 1277 = -q, -5*a - 7634 = -6*q. What is the remainder when q is divided by 15?
9
Let q(y) = -y - 4. Let k be q(-3). Let j be (2 + (-39)/6)/(k/(-8)). Calculate the remainder when (81/12 - 4)/((-1)/j) is divided by 50.
49
Suppose 7*g - 58 = 33. Suppose 11*r - 131 = 342. What is the remainder when r is divided by g?
4
Let t = -383 - -543. Suppose -48*q + t = -44*q. Calculate the remainder when 113 is divided by q.
33
Let n(l) = 6*l**2 + 3*l - 3. Let x be n(2). Let r = x + -70. Let m = 77 + r. What is the remainder when m is divided by 12?
10
Let b(q) = -1644*q + 16915. What is the remainder when b(10) is divided by 262?
213
Suppose -b + h = -98, -21*h = -4*b - 23*h + 392. Let f(u) = 5*u + 7. What is the remainder when b is divided by f(4)?
17
Let p(c) = c**3 + 17*c**2 - 7*c - 114. Let y be p(-17). Suppose 0 = 4*s + y*s - 72. Calculate the remainder when 86 is divided by s.
6
Let t(b) = b**3 - 9*b**2 + b + 8. Let x be t(6). Let h be (-1 - (-12)/20) + x/(-10). Suppose -7*d + h*d = 108. What is the remainder when d is divided by 15?
9
Suppose 39*z - 175 = 605. Calculate the remainder when 836 is divided by -5*(-144)/z - 5.
30
Suppose f + 2*o = 1308, -5*f - 1306 = -6*f - 4*o. What is the remainder when f is divided by 18?
14
Let d = -237 + 244. Suppose d*t = -0*t + 112. What is the remainder when t is divided by 7?
2
Suppose 11 - 8 = p. Suppose 0 = 6*v + p*v - 234. Suppose -82 + 313 = 3*b. What is the remainder when b is divided by v?
25
What is the remainder when ((-1)/3)/((-1)/2430*12/18) is divided by 19?
18
Suppose -u = -5*q - 53, 0*u - 166 = -4*u - 3*q. Let r = -1281 + 1297. What is the remainder when u is divided by r?
11
Let w(p) = -139*p + 8. Suppose 0 = 5*m + h + 5, -3*h + 21 = -0*m - 3*m. Let z be (59/118)/((3/m)/3). Calculate the remainder when w(z) is divided by 38.
33
What is the remainder when (2 - -214) + (-6)/(-3) is divided by 1*(-5 + 1 + 17)?
10
Let v = -75 + 102. Let m = -27 + v. Suppose 3*c - 13 + 1 = m, -5*p + 4*c + 99 = 0. What is the remainder when 183 is divided by p?
22
Suppose -7*z = -22*z + 30. Suppose z*k - 5*y = 54 - 5, 4*k = y + 53. Let u(j) = j**2 - 3*j + 4. What is the remainder when u(-6) is divided by k?
10
Let d = 132 + -109. Let l = -39 + 49. What is the remainder when (7*2)/((l/(-2))/(-15)) is divided by d?
19
Let h(m) = -9*m - 41. Let l(q) = 10*q + 40. Let i(j) = -7*h(j) - 6*l(j). What is the remainder when i(9) is divided by 19?
17
Let b be 7/(462/186) - 6/(-33). Let h(l) = -40*l + 130. What is the remainder when -8*7/2*-1 is divided by h(b)?
8
Let z(q) = q**2 + q. Let k be z(1). Suppose -k*o + 31 = -35. Suppose -2*i + 386 = 4*v, 5*i + 212 = 3*v - 97. What is the remainder when v is divided by o?
32
Suppose 16*j = 14*j + 6. Suppose -j*r + 66 - 4 = -g, -5*r = 4*g - 75. Suppose 6*k = 55 + 125. What is the remainder when k is divided by r?
11
Let c = -10262 + 10834. Calculate the remainder when c is divided by 144.
140
Let v = 1902 + -1889. What is the remainder when 102 is divided by v?
11
Let n(a) = -8*a**3 - 15*a**2 + 60*a - 6. Calculate the remainder when n(-8) is divided by 15.
10
Suppose 3*j = 6*r - 2*r + 408, -5*j - 178 = 2*r. Let c = r - -119. What is the remainder when 137 is divided by c?
17
Let m = 290 + -272. Let c = -1438 + 2175. What is the remainder when c is divided by m?
17
Let f = 1717 + -1666. Let c be ((16/(-2))/4)/(-1). Calculate the remainder when f is divided by 27 + (-1 - 1) + c.
24
Suppose -56*c - 12416 = -110*c + 18958. What is the remainder when c is divided by 98?
91
Suppose 2*h = 3*r - 7*r + 146, 4*h - 347 = 3*r. What is the remainder when h is divided by 45?
38
Let c = 184 + -167. Suppose 4*i + 364 = c*i. What is the remainder when 77 is divided by i?
21
Let z = 110 + -53. Let a = 58 - z. Suppose -3*x - h = -6, -x - 5*h = 2*x - 18. What is the remainder when x is divided by a?
0
Suppose -y + 719 = 681. What is the remainder when 120 is divided by y?
6
Let r = 69 - 53. Suppose 2*o + r = 3*o. Calculate the remainder when 334 is divided by o.
14
Let j = 150 - 157. Let q(a) = -a**3 + 9*a**2 - 8*a - 3. Let o be q(8). Calculate the remainder when ((j/o)/(-7))/(-1)*141 is divided by 22.
3
Suppose -5*y - 3*f = 272, y + f = 2*y + 48. Let z = y + 75. What is the remainder when ((-45400)/24)/(-25)*6/2 is divided by z?
20
Let v(a) = -a**3 + 355*a**2 - 7318*a - 19. Suppose -2*i + 121 = 3*i - 2*g, 107 = 4*i - 5*g. What is the remainder when v(22) is divided